1
Let g = 505 + 416. What are the prime factors of g?
3, 307
Let w(z) = -2 - 15 - 18*z + 6*z - z**2. List the prime factors of w(-9).
2, 5
Let t = 2935 + -1252. List the prime factors of t.
3, 11, 17
Let z(i) = -i + 9. Let j be z(9). Suppose j = -4*o - o + 900. Suppose 88 = 3*n + s - 0*s, -o = -5*n + 5*s. What are the prime factors of n?
31
Let p = -1974 - -2435. What are the prime factors of p?
461
Suppose 2*h + p - 3*p = 14, 5*p = -h - 11. Suppose -2*z + h*z = 18. List the prime factors of z.
3
Let v(d) = -d**3 + 6*d**2 + 5*d - 6. Let j be v(7). Let x be (-17)/(-5) - j/(-50). Suppose -8 - 49 = -x*m. List the prime factors of m.
19
Suppose 2*r + q - 4*q - 1623 = 0, 3*r = -4*q + 2426. What are the prime factors of r?
2, 3, 5
Suppose 3*t = z + 113, -5*t = -z - 8*t - 95. Let l = z - -177. Suppose -5*g + l = -72. List the prime factors of g.
29
Let g = 11 + -7. Suppose 5*s + 3 = -0*h - h, 2*s + 22 = -3*h. What are the prime factors of 1/g - 166/h?
3, 7
Let a(b) = b**2 + 13*b - 36. Let j be a(-16). List the prime factors of 1*(1191/j - 4/16).
3, 11
Let n = 383 - 184. What are the prime factors of n?
199
Let l(v) = -2*v - 7. Let a be l(0). Let w be -37 + 8/(a - -3). Let n = -28 - w. List the prime factors of n.
11
Suppose -5*t - 5*r + 3 = 33, 0 = 5*t - 4*r + 57. Let q = -6 - t. What are the prime factors of q?
3
Suppose 4*n = 7*n - 3. Let q = n + -2. List the prime factors of ((-18)/(-24))/(q/(-72)).
2, 3
Let l = 2424 + -444. Suppose -4*p = 5*p - l. List the prime factors of p.
2, 5, 11
Suppose 8 = -t + 5*t. Suppose t*d = -d + 552. Let i = d + -131. What are the prime factors of i?
53
Let p = 285 - -107. List the prime factors of p.
2, 7
Let k = -68 + 72. Suppose -308 = -2*b + k*u, 3*b + 315 = 5*b + 3*u. What are the prime factors of b?
2, 3, 13
Suppose -4*x - 2037 = -8*x - 3*c, 5*x - 4*c = 2585. What are the prime factors of x?
3, 19
List the prime factors of (-5)/(-3) + (-9 - (-6556)/3).
2, 3, 11
What are the prime factors of 376/6*(-135)/(-10)?
2, 3, 47
Let d = 2476 + -985. Suppose 6*q - d = -q. List the prime factors of q.
3, 71
Let w(g) = -g**3 - g**2. Let f(j) = -3*j**3 - 3*j**2 - 2*j + 40. Let u(i) = f(i) - 2*w(i). List the prime factors of u(0).
2, 5
Let x(y) = 60*y - 48. Let z be x(-19). List the prime factors of z/(-24) - (-2)/(-4).
7
Let w = -2008 + 3405. What are the prime factors of w?
11, 127
Let d = 166 - -344. List the prime factors of d.
2, 3, 5, 17
Let u(r) = 18*r + 198. List the prime factors of u(21).
2, 3
Let q(v) = -2*v**2 - 8*v - 5. Let n be q(-5). Let z = -6 - n. Let t = z - 3. List the prime factors of t.
2, 3
Suppose 6*u - 2624 = 2*u. List the prime factors of u.
2, 41
Let a(y) = -y**3 + y + 1. Suppose 0 = 2*w + 3*j - 12, w - 16 = -4*w - 4*j. Let b be a(w). List the prime factors of -4 - (-2)/b - -4.
2
Let s = -215 - -93. Let k = s - -173. List the prime factors of k.
3, 17
Let h(l) = -3*l**2 + 5*l - 5. Let y be h(3). Let p = y - -84. List the prime factors of p.
67
Suppose 3*d + 4*w - 2 - 5 = 0, d + 1 = -2*w. Let m be (-2092)/(-18) + (-2)/d. What are the prime factors of (m*(-3)/(-6))/2?
29
Suppose 15*k - 1273 - 887 = 0. What are the prime factors of k?
2, 3
List the prime factors of ((-167)/2 + 4)/((-1)/6).
3, 53
Suppose -11*s + 4640 + 21188 = 0. What are the prime factors of s?
2, 587
Suppose 6*i - i = -250. Let b = -37 - i. List the prime factors of b.
13
Let z = 16 + -22. Let j(r) be the third derivative of -r**6/120 - 7*r**5/60 - r**4/3 - r**3/2 - 2*r**2. What are the prime factors of j(z)?
3
Let u be (6 + -2)*6/8. Suppose -2*w - 5*f = -126, 0 = u*f - 4 + 10. What are the prime factors of w?
2, 17
Let h be (-25)/(-9) + (-20)/(-90). Suppose -h*b + 2*n - n + 455 = 0, -4*b - 2*n = -620. What are the prime factors of b?
3, 17
Let r(n) = 114*n - 173. List the prime factors of r(10).
967
Let z = 450 - 310. Let l = 58 + z. Suppose -29 = -2*c + 3*n, 0 = 5*c + 3*n - l + 73. List the prime factors of c.
2, 11
Suppose 0 = 31*v + 56496 - 173738. What are the prime factors of v?
2, 31, 61
Suppose -5*l = 4*k - 3*k + 1, -15 = -5*k - 5*l. Suppose 2*q = 3*n + 172 - 43, -k*n = -3*q + 196. What are the prime factors of q?
2, 3
Suppose -z - 25 = -6*z. Let n(b) = 7*b**2 + 6*b**2 + 1 - 3*b + 0*b + z*b**2. List the prime factors of n(1).
2
Let s(f) = 22*f**2 - 3*f - 3. List the prime factors of s(3).
2, 3, 31
Let v = -112 - -209. Suppose 2*f = 2*g + 159 + v, 2*f = -2*g + 268. List the prime factors of f.
131
Let t(s) = -55*s + 25. List the prime factors of t(-19).
2, 5, 107
Suppose -4*o + 2*z = o - 32, 4*z - 26 = -5*o. Let v = o - -19. List the prime factors of v.
5
Let u(i) = i**2 + 7*i + 1. Let v be 13 - -4 - (7 + -2). List the prime factors of u(v).
229
Let c = -1468 + 4232. What are the prime factors of c?
2, 691
Let h(f) = f**3 - 13*f**2 + 13*f - 14. Let z be h(12). Let v be 0/z - (-20)/5. Suppose -3*l - k = -44, -v*k = -l - 3*k + 12. List the prime factors of l.
2, 7
Let r(h) = -h**3 + 12*h**2 - 5*h + 2. Let a be r(9). Suppose k + 46 = a. What are the prime factors of k?
2, 7, 11
Suppose -103*y - 3*y + 279522 = 0. List the prime factors of y.
3, 293
Suppose 0 = 3*l + 3 - 0. Let v(c) = -46*c**3 - c**2 + c + 1. What are the prime factors of v(l)?
3, 5
Let d(f) be the third derivative of -f**5/60 + f**4 - 17*f**3/6 - 2*f**2. What are the prime factors of d(21)?
2, 23
Let s be (2 - 2)/(3 - 1). Suppose s = -4*l + 6*l. Suppose -2*u = -3*i + 94, -4*i + 4*u + 148 - 28 = l. List the prime factors of i.
2, 17
Let k(n) = -n**3 - 8*n**2 + 13*n - 5. Suppose 0 = -4*p + 3*p - 11. List the prime factors of k(p).
5, 43
Let i(u) = 2*u**3 + 16*u**2 - 11*u + 9. What are the prime factors of i(7)?
2, 701
Let q(a) = 4*a - 7. Let n = 41 + -28. What are the prime factors of q(n)?
3, 5
Let d(z) = 54*z**2 + 26*z - 12. List the prime factors of d(4).
2, 239
Suppose -6*a - a = -1554. Suppose -4*o + 279 = d, 0 = -3*o + 4*d + a + 11. List the prime factors of o.
71
Let h be 3*3/18*4. Suppose -141 = -h*g + 5*a - 0*a, a = -5*g + 393. What are the prime factors of g?
2, 3, 13
Let t(p) = p**3 - 20*p**2 + 50*p - 20. Let w be t(17). Suppose -272 - 28 = 4*g. Let v = w - g. What are the prime factors of v?
2, 19
Suppose m = 17*m - 7856. List the prime factors of m.
491
Let v(i) = -i**2 + 6*i - 2. Let p be v(5). Let s(g) = 14*g**3 + 10*g**3 - 2*g - 23*g**3 - 2 + 0. What are the prime factors of s(p)?
19
Let x = -460 + 675. List the prime factors of x.
5, 43
Let g(f) = f**2 - 3. Let o be g(-3). Suppose 3*w = 2*u, 0 = u - 3*w + o. Suppose u*t - t - 45 = 0. List the prime factors of t.
3
Let p = -41 + 42. What are the prime factors of (460/(-8) + 3)/(p/(-2))?
109
Let h = -18 + 12. Let y be 4/h + 339/9. Suppose 0 = u + 15 - y. What are the prime factors of u?
2, 11
Let s(w) = 11*w + 73. What are the prime factors of s(0)?
73
Suppose 3*l + 4*t = 337 - 37, 2*l + 3*t - 200 = 0. Suppose 5*g + 2*r - 208 = 0, r = 2*g + 2*r - 83. Let h = l - g. What are the prime factors of h?
2, 29
Let g be (-18)/12*20/(-6). Suppose 27 = -q - g. What are the prime factors of 3 + 1/((-2)/q)?
19
Let k = 28 - 48. Let d be k/15*18/(-8). Suppose -d*o + 257 = 89. What are the prime factors of o?
2, 7
Let o(x) = 234*x - 117. List the prime factors of o(3).
3, 5, 13
Let x = -26 - -28. Suppose k + 3*a - 86 = 0, -3*k + 0*a + 214 = -x*a. List the prime factors of k.
2, 37
Let v = -60 + 229. What are the prime factors of v?
13
Let r(z) = z**2 + 2*z - 19. Let s be r(-5). What are the prime factors of 16/((32/(-20))/s)?
2, 5
Suppose -16*g = -20*g + 8. Suppose -g*x = 8, 4*a - 3*a - 39 = -5*x. List the prime factors of a.
59
Let z(j) = -j**3 + 17*j**2 + 25*j + 24. What are the prime factors of z(10)?
2, 487
Let b(g) = -5*g**2 - 3*g + 2. Let k be b(-2). Suppose d - 4*s - 31 = 11, -4*s = -4*d + 132. Let f = d + k. What are the prime factors of f?
2, 3
Let k(x) = -x**3 + 5*x**2 + x - 6. Let j be k(4). What are the prime factors of 3/((-15)/175)*(-12)/j?
2, 3, 5
Let j = -1608 + 2516. List the prime factors of j.
2, 227
Suppose -13*a - 342 + 1343 = 0. Suppose -2*w + 250 = -y, 702 = 5*w + 4*y + a. List the prime factors of w.
5
Suppose -5*q = 4 + 6. What are the prime factors of (-498)/(-4) + q/(-4)?
5
Suppose 0 = 3*o - 6 - 0. Suppose -272 = -o*a - 4*q, -3*a + 0*a = 2*q - 400. What are the prime factors of a?
2, 3,